{"id":469,"date":"2025-10-12T21:39:28","date_gmt":"2025-10-12T21:39:28","guid":{"rendered":"https:\/\/www.selfmade.sn\/?post_type=product&#038;p=469"},"modified":"2025-10-24T16:59:24","modified_gmt":"2025-10-24T16:59:24","slug":"hp-prodesk-400-g2-mt","status":"publish","type":"product","link":"https:\/\/www.selfmade.sn\/index.php\/product\/hp-prodesk-400-g2-mt\/","title":{"rendered":"HP ProDesk 400 G2 MT"},"content":{"rendered":"<p>Caract\u00e9ristiques Principales :<br \/>\nMarque : HP<br \/>\nMod\u00e8le : ProDesk 400 G2 MT<br \/>\nProcesseur : Intel Core i3-4130 (3,4 GHz, 3 Mo de cache)<br \/>\nM\u00e9moire vive : 4 Go DDR3<br \/>\nStockage : HDD SATA 500 Go<br \/>\nSyst\u00e8me d\u2019exploitation : Windows 10<br \/>\nConnectivit\u00e9 : Ports USB, VGA, DVI, Ethernet<br \/>\nFormat : Tour moyenne (MT)<\/p>\n","protected":false},"excerpt":{"rendered":"<p>Caract\u00e9ristiques Principales : Marque : HP Mod\u00e8le : ProDesk 400 G2 MT Processeur : Intel Core i3-4130 (3,4 GHz, 3 Mo de cache) M\u00e9moire vive : 4 Go DDR3 Stockage : HDD SATA 500 Go Syst\u00e8me d\u2019exploitation : Windows 10 Connectivit\u00e9 : Ports USB, VGA, DVI, Ethernet Format : Tour moyenne (MT)<\/p>\n","protected":false},"featured_media":1000,"comment_status":"open","ping_status":"closed","template":"","meta":{"_eb_attr":""},"product_brand":[],"product_cat":[22],"product_tag":[],"class_list":{"0":"post-469","1":"product","2":"type-product","3":"status-publish","4":"has-post-thumbnail","6":"product_cat-ordinateur","8":"first","9":"instock","10":"shipping-taxable","11":"purchasable","12":"product-type-simple"},"yoast_head":"<!-- This site is optimized with the Yoast SEO plugin v26.1 - https:\/\/yoast.com\/wordpress\/plugins\/seo\/ -->\n<title>HP ProDesk 400 G2 MT -<\/title>\n<meta name=\"description\" content=\"Caract\u00e9ristiques Principales :Marque : HPMod\u00e8le : ProDesk 400 G2 MTProcesseur : Intel Core i3-4130 (3,4 GHz, 3 Mo de cache)M\u00e9moire vive : 4 Go DDR3Stockage : HDD SATA 500 GoSyst\u00e8me d\u2019exploitation : Windows 10Connectivit\u00e9 : Ports USB, VGA, DVI, EthernetFormat : Tour moyenne (MT)\" \/>\n<meta name=\"robots\" content=\"index, follow, max-snippet:-1, max-image-preview:large, max-video-preview:-1\" \/>\n<link rel=\"canonical\" href=\"https:\/\/www.selfmade.sn\/index.php\/product\/hp-prodesk-400-g2-mt\/\" \/>\n<meta property=\"og:locale\" content=\"fr_FR\" \/>\n<meta property=\"og:type\" content=\"article\" \/>\n<meta property=\"og:title\" content=\"HP ProDesk 400 G2 MT -\" \/>\n<meta property=\"og:description\" content=\"Caract\u00e9ristiques Principales :Marque : HPMod\u00e8le : ProDesk 400 G2 MTProcesseur : Intel Core i3-4130 (3,4 GHz, 3 Mo de cache)M\u00e9moire vive : 4 Go DDR3Stockage : HDD SATA 500 GoSyst\u00e8me d\u2019exploitation : Windows 10Connectivit\u00e9 : Ports USB, VGA, DVI, EthernetFormat : Tour moyenne (MT)\" \/>\n<meta property=\"og:url\" content=\"https:\/\/www.selfmade.sn\/index.php\/product\/hp-prodesk-400-g2-mt\/\" \/>\n<meta property=\"article:modified_time\" content=\"2025-10-24T16:59:24+00:00\" \/>\n<meta property=\"og:image\" content=\"https:\/\/www.selfmade.sn\/wp-content\/uploads\/2025\/10\/L9T61ES_1.jpg\" \/>\n\t<meta property=\"og:image:width\" content=\"1512\" \/>\n\t<meta property=\"og:image:height\" content=\"1487\" \/>\n\t<meta property=\"og:image:type\" content=\"image\/jpeg\" \/>\n<meta name=\"twitter:card\" content=\"summary_large_image\" \/>\n<meta name=\"twitter:label1\" content=\"Dur\u00e9e de lecture estim\u00e9e\" \/>\n\t<meta name=\"twitter:data1\" content=\"1 minute\" \/>\n<script type=\"application\/ld+json\" class=\"yoast-schema-graph\">{\"@context\":\"https:\/\/schema.org\",\"@graph\":[{\"@type\":\"WebPage\",\"@id\":\"https:\/\/www.selfmade.sn\/index.php\/product\/hp-prodesk-400-g2-mt\/\",\"url\":\"https:\/\/www.selfmade.sn\/index.php\/product\/hp-prodesk-400-g2-mt\/\",\"name\":\"HP ProDesk 400 G2 MT -\",\"isPartOf\":{\"@id\":\"https:\/\/www.selfmade.sn\/#website\"},\"primaryImageOfPage\":{\"@id\":\"https:\/\/www.selfmade.sn\/index.php\/product\/hp-prodesk-400-g2-mt\/#primaryimage\"},\"image\":{\"@id\":\"https:\/\/www.selfmade.sn\/index.php\/product\/hp-prodesk-400-g2-mt\/#primaryimage\"},\"thumbnailUrl\":\"https:\/\/www.selfmade.sn\/wp-content\/uploads\/2025\/10\/L9T61ES_1.jpg\",\"datePublished\":\"2025-10-12T21:39:28+00:00\",\"dateModified\":\"2025-10-24T16:59:24+00:00\",\"description\":\"Caract\u00e9ristiques Principales :Marque : HPMod\u00e8le : ProDesk 400 G2 MTProcesseur : Intel Core i3-4130 (3,4 GHz, 3 Mo de cache)M\u00e9moire vive : 4 Go DDR3Stockage : HDD SATA 500 GoSyst\u00e8me d\u2019exploitation : Windows 10Connectivit\u00e9 : Ports USB, VGA, DVI, EthernetFormat : Tour moyenne (MT)\",\"breadcrumb\":{\"@id\":\"https:\/\/www.selfmade.sn\/index.php\/product\/hp-prodesk-400-g2-mt\/#breadcrumb\"},\"inLanguage\":\"fr-FR\",\"potentialAction\":[{\"@type\":\"ReadAction\",\"target\":[\"https:\/\/www.selfmade.sn\/index.php\/product\/hp-prodesk-400-g2-mt\/\"]}]},{\"@type\":\"ImageObject\",\"inLanguage\":\"fr-FR\",\"@id\":\"https:\/\/www.selfmade.sn\/index.php\/product\/hp-prodesk-400-g2-mt\/#primaryimage\",\"url\":\"https:\/\/www.selfmade.sn\/wp-content\/uploads\/2025\/10\/L9T61ES_1.jpg\",\"contentUrl\":\"https:\/\/www.selfmade.sn\/wp-content\/uploads\/2025\/10\/L9T61ES_1.jpg\",\"width\":1512,\"height\":1487},{\"@type\":\"BreadcrumbList\",\"@id\":\"https:\/\/www.selfmade.sn\/index.php\/product\/hp-prodesk-400-g2-mt\/#breadcrumb\",\"itemListElement\":[{\"@type\":\"ListItem\",\"position\":1,\"name\":\"Accueil\",\"item\":\"https:\/\/www.selfmade.sn\/\"},{\"@type\":\"ListItem\",\"position\":2,\"name\":\"Boutique\",\"item\":\"https:\/\/www.selfmade.sn\/index.php\/boutique\/\"},{\"@type\":\"ListItem\",\"position\":3,\"name\":\"HP ProDesk 400 G2 MT\"}]},{\"@type\":\"WebSite\",\"@id\":\"https:\/\/www.selfmade.sn\/#website\",\"url\":\"https:\/\/www.selfmade.sn\/\",\"name\":\"Selfmade business\",\"description\":\"\",\"publisher\":{\"@id\":\"https:\/\/www.selfmade.sn\/#organization\"},\"potentialAction\":[{\"@type\":\"SearchAction\",\"target\":{\"@type\":\"EntryPoint\",\"urlTemplate\":\"https:\/\/www.selfmade.sn\/?s={search_term_string}\"},\"query-input\":{\"@type\":\"PropertyValueSpecification\",\"valueRequired\":true,\"valueName\":\"search_term_string\"}}],\"inLanguage\":\"fr-FR\"},{\"@type\":\"Organization\",\"@id\":\"https:\/\/www.selfmade.sn\/#organization\",\"name\":\"Selfmade business\",\"url\":\"https:\/\/www.selfmade.sn\/\",\"logo\":{\"@type\":\"ImageObject\",\"inLanguage\":\"fr-FR\",\"@id\":\"https:\/\/www.selfmade.sn\/#\/schema\/logo\/image\/\",\"url\":\"https:\/\/www.selfmade.sn\/wp-content\/uploads\/2025\/10\/cropped-Capture-removebg-preview-1.png\",\"contentUrl\":\"https:\/\/www.selfmade.sn\/wp-content\/uploads\/2025\/10\/cropped-Capture-removebg-preview-1.png\",\"width\":653,\"height\":155,\"caption\":\"Selfmade business\"},\"image\":{\"@id\":\"https:\/\/www.selfmade.sn\/#\/schema\/logo\/image\/\"}}]}<\/script>\n<!-- \/ Yoast SEO plugin. -->","yoast_head_json":{"title":"HP ProDesk 400 G2 MT -","description":"Caract\u00e9ristiques Principales :Marque : HPMod\u00e8le : ProDesk 400 G2 MTProcesseur : Intel Core i3-4130 (3,4 GHz, 3 Mo de cache)M\u00e9moire vive : 4 Go DDR3Stockage : HDD SATA 500 GoSyst\u00e8me d\u2019exploitation : Windows 10Connectivit\u00e9 : Ports USB, VGA, DVI, EthernetFormat : Tour moyenne (MT)","robots":{"index":"index","follow":"follow","max-snippet":"max-snippet:-1","max-image-preview":"max-image-preview:large","max-video-preview":"max-video-preview:-1"},"canonical":"https:\/\/www.selfmade.sn\/index.php\/product\/hp-prodesk-400-g2-mt\/","og_locale":"fr_FR","og_type":"article","og_title":"HP ProDesk 400 G2 MT -","og_description":"Caract\u00e9ristiques Principales :Marque : HPMod\u00e8le : ProDesk 400 G2 MTProcesseur : Intel Core i3-4130 (3,4 GHz, 3 Mo de cache)M\u00e9moire vive : 4 Go DDR3Stockage : HDD SATA 500 GoSyst\u00e8me d\u2019exploitation : Windows 10Connectivit\u00e9 : Ports USB, VGA, DVI, EthernetFormat : Tour moyenne (MT)","og_url":"https:\/\/www.selfmade.sn\/index.php\/product\/hp-prodesk-400-g2-mt\/","article_modified_time":"2025-10-24T16:59:24+00:00","og_image":[{"width":1512,"height":1487,"url":"https:\/\/www.selfmade.sn\/wp-content\/uploads\/2025\/10\/L9T61ES_1.jpg","type":"image\/jpeg"}],"twitter_card":"summary_large_image","twitter_misc":{"Dur\u00e9e de lecture estim\u00e9e":"1 minute"},"schema":{"@context":"https:\/\/schema.org","@graph":[{"@type":"WebPage","@id":"https:\/\/www.selfmade.sn\/index.php\/product\/hp-prodesk-400-g2-mt\/","url":"https:\/\/www.selfmade.sn\/index.php\/product\/hp-prodesk-400-g2-mt\/","name":"HP ProDesk 400 G2 MT -","isPartOf":{"@id":"https:\/\/www.selfmade.sn\/#website"},"primaryImageOfPage":{"@id":"https:\/\/www.selfmade.sn\/index.php\/product\/hp-prodesk-400-g2-mt\/#primaryimage"},"image":{"@id":"https:\/\/www.selfmade.sn\/index.php\/product\/hp-prodesk-400-g2-mt\/#primaryimage"},"thumbnailUrl":"https:\/\/www.selfmade.sn\/wp-content\/uploads\/2025\/10\/L9T61ES_1.jpg","datePublished":"2025-10-12T21:39:28+00:00","dateModified":"2025-10-24T16:59:24+00:00","description":"Caract\u00e9ristiques Principales :Marque : HPMod\u00e8le : ProDesk 400 G2 MTProcesseur : Intel Core i3-4130 (3,4 GHz, 3 Mo de cache)M\u00e9moire vive : 4 Go DDR3Stockage : HDD SATA 500 GoSyst\u00e8me d\u2019exploitation : Windows 10Connectivit\u00e9 : Ports USB, VGA, DVI, EthernetFormat : Tour moyenne (MT)","breadcrumb":{"@id":"https:\/\/www.selfmade.sn\/index.php\/product\/hp-prodesk-400-g2-mt\/#breadcrumb"},"inLanguage":"fr-FR","potentialAction":[{"@type":"ReadAction","target":["https:\/\/www.selfmade.sn\/index.php\/product\/hp-prodesk-400-g2-mt\/"]}]},{"@type":"ImageObject","inLanguage":"fr-FR","@id":"https:\/\/www.selfmade.sn\/index.php\/product\/hp-prodesk-400-g2-mt\/#primaryimage","url":"https:\/\/www.selfmade.sn\/wp-content\/uploads\/2025\/10\/L9T61ES_1.jpg","contentUrl":"https:\/\/www.selfmade.sn\/wp-content\/uploads\/2025\/10\/L9T61ES_1.jpg","width":1512,"height":1487},{"@type":"BreadcrumbList","@id":"https:\/\/www.selfmade.sn\/index.php\/product\/hp-prodesk-400-g2-mt\/#breadcrumb","itemListElement":[{"@type":"ListItem","position":1,"name":"Accueil","item":"https:\/\/www.selfmade.sn\/"},{"@type":"ListItem","position":2,"name":"Boutique","item":"https:\/\/www.selfmade.sn\/index.php\/boutique\/"},{"@type":"ListItem","position":3,"name":"HP ProDesk 400 G2 MT"}]},{"@type":"WebSite","@id":"https:\/\/www.selfmade.sn\/#website","url":"https:\/\/www.selfmade.sn\/","name":"Selfmade business","description":"","publisher":{"@id":"https:\/\/www.selfmade.sn\/#organization"},"potentialAction":[{"@type":"SearchAction","target":{"@type":"EntryPoint","urlTemplate":"https:\/\/www.selfmade.sn\/?s={search_term_string}"},"query-input":{"@type":"PropertyValueSpecification","valueRequired":true,"valueName":"search_term_string"}}],"inLanguage":"fr-FR"},{"@type":"Organization","@id":"https:\/\/www.selfmade.sn\/#organization","name":"Selfmade business","url":"https:\/\/www.selfmade.sn\/","logo":{"@type":"ImageObject","inLanguage":"fr-FR","@id":"https:\/\/www.selfmade.sn\/#\/schema\/logo\/image\/","url":"https:\/\/www.selfmade.sn\/wp-content\/uploads\/2025\/10\/cropped-Capture-removebg-preview-1.png","contentUrl":"https:\/\/www.selfmade.sn\/wp-content\/uploads\/2025\/10\/cropped-Capture-removebg-preview-1.png","width":653,"height":155,"caption":"Selfmade business"},"image":{"@id":"https:\/\/www.selfmade.sn\/#\/schema\/logo\/image\/"}}]}},"_links":{"self":[{"href":"https:\/\/www.selfmade.sn\/index.php\/wp-json\/wp\/v2\/product\/469","targetHints":{"allow":["GET"]}}],"collection":[{"href":"https:\/\/www.selfmade.sn\/index.php\/wp-json\/wp\/v2\/product"}],"about":[{"href":"https:\/\/www.selfmade.sn\/index.php\/wp-json\/wp\/v2\/types\/product"}],"replies":[{"embeddable":true,"href":"https:\/\/www.selfmade.sn\/index.php\/wp-json\/wp\/v2\/comments?post=469"}],"wp:featuredmedia":[{"embeddable":true,"href":"https:\/\/www.selfmade.sn\/index.php\/wp-json\/wp\/v2\/media\/1000"}],"wp:attachment":[{"href":"https:\/\/www.selfmade.sn\/index.php\/wp-json\/wp\/v2\/media?parent=469"}],"wp:term":[{"taxonomy":"product_brand","embeddable":true,"href":"https:\/\/www.selfmade.sn\/index.php\/wp-json\/wp\/v2\/product_brand?post=469"},{"taxonomy":"product_cat","embeddable":true,"href":"https:\/\/www.selfmade.sn\/index.php\/wp-json\/wp\/v2\/product_cat?post=469"},{"taxonomy":"product_tag","embeddable":true,"href":"https:\/\/www.selfmade.sn\/index.php\/wp-json\/wp\/v2\/product_tag?post=469"}],"curies":[{"name":"wp","href":"https:\/\/api.w.org\/{rel}","templated":true}]}}